-f**3 + 3. Let z be w(-4). Suppose z - 310 = -3*d. Calculate the highest common factor of 9 and d.
9
Let c(u) = -u**2 + 2*u + 1. Let d be c(3). Let q be (0 - -2) + (18 - 23). Let m be 75 + d*q/2. What is the greatest common factor of 13 and m?
13
Let f be 2/8 - (-213)/(-4). Let y = -189 + 263. Let k = f + y. Calculate the highest common divisor of k and 14.
7
Let w = -59 + 55. Let u be 1 + (w/(-6))/((-9)/(-189)). Calculate the highest common divisor of u and 9.
3
Let x(a) = -a + a**3 - 4*a**2 - a - 6 + 0*a**3. Let h be x(6). Suppose -8*g + 132 = 84. What is the greatest common divisor of g and h?
6
Suppose -2*r + 3*r = -3*c + 76, 3*r = 5*c + 270. Let u(m) = -m**3 + m + 17. Let o be u(0). What is the greatest common divisor of o and r?
17
Let x(y) = -18*y. Let h be 9/(-6)*8/12. Let t be x(h). Let q = 20 - t. Calculate the highest common divisor of q and 8.
2
Let d(q) = 5*q + 15. Let b(p) = 2*p + 8. Let s(t) = 7*b(t) - 3*d(t). Let y = 11 - 2. Let j be s(y). What is the highest common factor of 2 and j?
2
Let t(h) = h**3 - 20*h**2 + 20*h + 6. Let i be t(19). What is the highest common factor of 125 and i?
25
Suppose -3*i = -5*g - 1125, -6*i + 3*i + 1137 = -g. Calculate the greatest common factor of 100 and i.
20
Let g = -7 - -8. Let q be -12*(g + -3)/(12/54). What is the greatest common factor of 12 and q?
12
Let q = -92 - -107. Calculate the greatest common factor of q and 240.
15
Let o be (-126)/(-8) - (-5)/20. Suppose 0 = 3*p + 4*x - 372, -7*x = 3*p - 11*x - 396. Calculate the greatest common divisor of o and p.
16
Let q(t) = -1653*t + 123. Let w be q(-2). What is the greatest common divisor of w and 27?
27
Let l(s) = -4*s + 6. Let m be l(6). Let p be (-182)/(-6) - 12/m. What is the greatest common factor of p and 93?
31
Let w = -454 - -764. Calculate the highest common factor of 10 and w.
10
Suppose -b + 94 = 3*r - 5*b, -32 = -r + 2*b. What is the highest common factor of r and 150?
30
Let l = 1 + 5. Suppose 3*c = v - c - l, v = -5*c - 3. Suppose 0*a = -v*a + 20. Calculate the greatest common factor of 2 and a.
2
Suppose y = d - 1, -y + 28 = 4*d + y. Let n be -1 - (-23 + d/(-5)). What is the greatest common factor of 115 and n?
23
Let z = -3 - -20. Let k = -118 - -135. Calculate the greatest common divisor of k and z.
17
Let u be (-5)/20 - 46/8. Let s(w) = w**2 - w - 9. Let y be s(u). Let k(c) = -5*c + 2. Let d be k(-4). Calculate the highest common factor of y and d.
11
Let s(f) = 7*f**2 + f + 1. Let d be s(-1). Let w be 4*(-5)/70*-7. Suppose w*o = d*o - 50. Calculate the greatest common divisor of 50 and o.
10
Let a(m) = 41*m**3 + 2*m**2 - 1. Let y be a(-1). Let t = -58 - y. Let r be t/(-10)*40/12. Calculate the highest common factor of r and 6.
6
Let a be ((-90)/4)/((-1)/4). Let v be (37 - 2*-1) + (13 - 16). Calculate the highest common divisor of v and a.
18
Suppose a - 3*b = -4*b + 40, 0 = 4*a + 2*b - 168. Suppose 0 = -0*y - 4*y - 2*z + a, -2*y + 4*z = -2. What is the highest common divisor of 63 and y?
9
Let g(p) = -p**3 - 7*p**2 - 5*p + 6. Let q be g(-6). Suppose q*s + 42 = 3*s. What is the greatest common factor of 154 and s?
14
Let h(y) = 2*y**2 - 1. Let t be (-14)/(-2)*2/14. Let k be h(t). Calculate the highest common factor of k and 7.
1
Let w be 1152 - 23/((-115)/60). Calculate the highest common factor of 12 and w.
12
Suppose 7*o - 122 = 25. Calculate the greatest common factor of o and 182.
7
Let w = 350 + -170. Let s(i) = -1108*i - 8824. Let r be s(-8). Calculate the highest common divisor of w and r.
20
Let n(f) be the second derivative of -f**5/10 - 3*f**4/4 + f**3/2 + f**2/2 + 29*f. Let q be n(-7). Calculate the greatest common factor of 90 and q.
45
Let l(p) = -3*p**2 - 24*p + 1. Let v(y) = 2*y**2 + 12*y. Let t(g) = -3*l(g) - 5*v(g). Let f be t(11). What is the highest common factor of f and 1?
1
Suppose -2*m + 2*q = 4*q - 4, -m + q + 2 = 0. Let i be 33/2 - 1/2. Calculate the greatest common divisor of i and m.
2
Let k be 3/((-63)/(-1203)) - (-6)/(-21). What is the greatest common factor of 133 and k?
19
Let n(t) = -t**2 + 14*t - 11. Let g be n(12). Suppose 0 = 38*v - 830 - 1640. What is the greatest common divisor of g and v?
13
Let r = -152 - -237. Calculate the highest common divisor of r and 34.
17
Let d be 110/9 - 4/18. Let t be 2/8 + 69/d. Suppose 1110 = t*z + 318. What is the highest common factor of z and 12?
12
Suppose 80 = 5*b + 2*r, -24 = -5*b + 4*b - 2*r. Let o(l) = 15*l**2 + 3*l + 2. Let u be o(-1). What is the greatest common factor of b and u?
14
Suppose -53*i + 7053 + 11815 = 0. What is the greatest common divisor of 4 and i?
4
Let o be (-3)/((-1)/12*1). Let k = -35 + o. Calculate the highest common factor of k and 11.
1
Let z(j) = 1809*j - 4. Let r be z(1). What is the greatest common factor of r and 95?
95
Let k(j) = j**3 - 17*j**2 + 8. Let u be k(17). Suppose -w + 39 = l + u, -4*l + 89 = -3*w. What is the highest common divisor of l and 13?
13
Suppose -3*b = -5*b + 38. Let k be 12*((b - 4) + -3). What is the greatest common divisor of 16 and k?
16
Suppose -2*t + 37 = 4*m - 7*t, 0 = 5*m + t - 39. Let d = 40 + m. What is the highest common factor of d and 24?
24
Let g = 134 - 61. Suppose 25 = -3*l + g. Calculate the highest common divisor of l and 176.
16
Let j = -100 - -50. Let o be (0 + -12)*(j/2 - -4). Calculate the highest common factor of o and 28.
28
Let a(p) = 27*p + 11. Let g be a(0). Calculate the highest common divisor of g and 121.
11
Suppose 16*j = 21*j - 450. Let b(s) = -5*s - 1. Let w be b(1). Let d = j + w. What is the greatest common factor of 14 and d?
14
Suppose -p + 529 = 515. Let q(j) = -4*j - 3*j**2 + j**3 - 2*j**3 + 0*j + 0*j. Let w be q(-5). What is the greatest common divisor of w and p?
14
Suppose -4*f = -t + 856, f + 3693 = 5*t - 511. Calculate the greatest common divisor of t and 28.
28
Suppose -802 = -6*z + 512. What is the greatest common factor of 12 and z?
3
Let t = 1154 + -36. What is the highest common divisor of t and 26?
26
Suppose 0*r = -2*r + 4*o + 504, -o - 247 = -r. Let i = r + -165. Let f be ((-32)/40)/4*-55. Calculate the greatest common divisor of i and f.
11
Let x = 45 + -595. Let o(h) = -h**3 - 2*h**2 - 3*h - 35. Let v be o(-10). Let b = x + v. What is the highest common factor of 35 and b?
35
Let a = 53 - 29. Let l(x) = -x**3 + 9*x**2 - 5*x - 3. Let s be l(7). Calculate the highest common factor of s and a.
12
Let d be ((-100)/30)/((-3)/558). Calculate the greatest common factor of 20 and d.
20
Let q(c) = -c - 2. Let g be q(-4). Let w(d) = 15*d - 6 - 11*d - g. Let n be w(9). Calculate the greatest common factor of n and 14.
14
Suppose 4*q - 26 = -g, g - 21 = q - 4*q. Suppose -j - 17 = -w - g, -3*j + 9 = 0. Calculate the highest common factor of w and 42.
14
Let v = -592 + 2080. What is the greatest common factor of v and 93?
93
Suppose 2*y = -y + 78. Let f = 316 - 251. Calculate the greatest common divisor of f and y.
13
Let p = -26 - -94. Let s = 123 - p. What is the greatest common factor of s and 11?
11
Let j(u) = 3*u**2 - u - 2. Suppose -4*o - 6 = 2. Let l be j(o). Let y = 47 + -39. Calculate the greatest common factor of y and l.
4
Let f(c) = -2*c + c + 41*c**2 - 32*c**2 - 3. Let m be f(2). Calculate the highest common factor of m and 31.
31
Let a(j) = -4*j + 46. Let s be a(11). Let u be (-102)/(-18) - s/3. What is the highest common divisor of 1 and u?
1
Let h = -268 - -290. Calculate the highest common factor of h and 22.
22
Let h = -43 - -71. Let g(j) = 2*j**2 - 24*j + 28. Let o be g(12). What is the greatest common factor of h and o?
28
Let r(i) = i**3 + 2*i**2 - i + 40. Let y be r(0). Suppose 15*m - 17*m + y = 0. Calculate the greatest common factor of 30 and m.
10
Let r be 146 - (1 + (-1 - -2)). Let p = 6494 + -6485. Calculate the greatest common factor of r and p.
9
Let y = 14 + 0. Let g(f) = -f**3 + 20*f**2 - 63*f - 2. Let q be g(16). What is the greatest common divisor of q and y?
14
Let r be 84 - 23 - 3/3. Calculate the highest common factor of r and 360.
60
Let r(t) = -t + 7. Let m be r(6). Let v = 239 + -235. Suppose q = -v*l - q + 10, m = -q. Calculate the highest common divisor of l and 27.
3
Let k be (-9)/(-21) - 285/(-21). Let s(j) = j**3 - 13*j**2 - 9*j - 16. Let q be s(k). What is the greatest common divisor of q and 6?
6
Let j = 1101 